 + 4/8)*2*-1. What are the prime factors of (-146*4/8)/f?
73
Let y(b) = -3*b**3 - 9*b**2 + 26*b + 100. What are the prime factors of y(-9)?
2, 331
Let n(v) = -1231*v**3 + 2*v**2 - 11*v - 27. List the prime factors of n(-2).
9851
Let p = 211 - 251. What are the prime factors of 5088/p*((-105)/6)/7?
2, 3, 53
Let w = -1187 + 1188. Let l = 42 - 27. Let u = w + l. List the prime factors of u.
2
Suppose -342155 = -10*b + 75555. List the prime factors of b.
41771
Suppose -d + 1 = 4*n, -3*d = -d - 3*n - 13. Suppose 0 = -4*t - q + 742, t + 3*t - 730 = d*q. What are the prime factors of t?
5, 37
Let v(k) = -k**3 - 5*k**2 - 2*k - 1. Let l be v(-4). Let h be (-457)/9 + 2/l. Let z = h - -78. List the prime factors of z.
3
Suppose -8*o = p - 3*o - 590, 4*p + 4*o - 2424 = 0. Let j = 859 - p. What are the prime factors of j?
3, 83
Let s(z) = 329*z + 19. Let d be s(-3). Let r = 1739 + d. List the prime factors of r.
3, 257
Let d be 1/2*(2 - 2). Suppose 5*s + 10 = 2*n, -5*s = -d*n - 4*n. Let q(t) = -16*t - 22. List the prime factors of q(s).
2, 3, 7
Let x be (16/(-10))/(4 + 348/(-90)). What are the prime factors of (1 - 7022/(-22)) + x/66?
2, 5
Let x = 7 - 50. Let l = 45 + x. Suppose 4*z = -4*d + 5*z + 79, d + l*z = 31. List the prime factors of d.
3, 7
Let n = 25872 + -9329. What are the prime factors of n?
71, 233
Let x be (-6669)/228 - 3/4. What are the prime factors of 27248/20 - (-12)/x?
2, 3, 227
Suppose 30 = 3*o - 2*a, 5*o + a - 43 = 2*a. Let t(u) = u**3 + 5*u**2 - 4*u + 14. What are the prime factors of t(o)?
2, 11, 37
Suppose -6 = -3*t, 22*t - 7*t = -2*x + 106268. List the prime factors of x.
11, 439
Let o be -2*(-3 + 4) - 44 - 2. Let f = -52 - o. List the prime factors of (285/(-20))/(1/f).
3, 19
Let z(c) = -c**3 - 2*c**2 + 6*c - 4. Let h be z(-4). Suppose 3*g + 4*k + 16 = g, 2*k + h = -3*g. What are the prime factors of g/2 - ((-376)/4)/2?
2, 3
Suppose 3*n - 10 = w, -2*w + 6*w - 2*n = 0. What are the prime factors of (3 + w)/((-45)/(-1278))?
2, 71
Let j(g) = 2428*g + 5031. What are the prime factors of j(8)?
5, 67, 73
Let b = -329 + -63. Let j = -121 - b. What are the prime factors of j?
271
Let j be (-3 + 2)/(5/2 + -3). Let t be ((-42)/(-63))/(j/6). Suppose 0 = t*v + 3*f - 362, 0 = -v - 3*v + 3*f + 688. What are the prime factors of v?
5, 7
Suppose -4*j = 3*b - 703 - 5811, -5*j = -2*b + 4381. Suppose -1806 - b = -8*v. List the prime factors of v.
2, 3, 83
Suppose m + 6*b - 21 = 10*b, 28 = 3*m - 5*b. Let x be (-218)/4 - m - 14/28. What are the prime factors of (-802)/(-6) + 5 + x/12?
2, 67
Let c(o) = -7*o - 2*o + 7*o + 62. Let s be c(-21). Let z = 174 - s. What are the prime factors of z?
2, 5, 7
Suppose 13 = j + 3*w, 0 = 4*j - 3*w + 8. Let c = j - 4. Let m = c - -48. List the prime factors of m.
3, 5
Let s = 164 - 115. Suppose -3*l = 40 - s. List the prime factors of 114 - 1*(l - 6).
3, 13
Suppose -3*d - 2*p = 2, -2*d + 0*p + 5*p - 14 = 0. Let x be 2 + 2*d - (2 - 12). List the prime factors of 960/10 + x/2.
2, 5
Let g(n) = 156*n**2 - 11*n + 39. List the prime factors of g(5).
2, 971
Suppose 0*t - 12*t + 32016 = 0. Suppose 5*n - 1472 = t. What are the prime factors of n?
2, 3, 23
Suppose -4*m + 2*i = 0, m - i = i. Suppose 0 = 4*x - 8 - m. Suppose 184 = x*l - w, 0*l - 3*w + 176 = 2*l. List the prime factors of l.
7, 13
Let r(y) = y**3 - 26*y**2 - 20*y - 13. Let g(n) = -n**3 + n**2 + n + 1. Let k(a) = 3*g(a) + r(a). What are the prime factors of k(-12)?
2, 13
Let b(g) = 419*g**2 - 24*g + 124. List the prime factors of b(4).
2, 3, 11, 17
Suppose -47 = 3*n + 133. Let b = n + 63. List the prime factors of (4 - (-2 + b))*31.
3, 31
Let b(j) = j**2 + 14. Let n be (2/(-4)*0)/3. Let a be (n + (-12)/10)/(2/(-10)). What are the prime factors of b(a)?
2, 5
Let c(k) be the third derivative of k**4/12 - 7*k**3/2 - 14*k**2. Let p be c(11). Suppose g - 1 - p = 0. List the prime factors of g.
2
Let d(h) = 7*h - 4*h - 31 + 28. Let f be d(-1). Let u(j) = 5*j**2 - j - 6. What are the prime factors of u(f)?
2, 3, 5
Suppose -5187116 = -188*h - 11*h + 489359. What are the prime factors of h?
5, 7, 163
What are the prime factors of (247671/(-54))/(1 + (-12)/9)*2?
3, 9173
Let g(t) = 3*t + 2. Let a be g(-1). Let w = a + -8. What are the prime factors of 4/(-18) + (-686)/w + 2?
2, 3, 13
Let l = 2445 - -194. Let t = -1742 + l. List the prime factors of t.
3, 13, 23
What are the prime factors of (1576/(-6))/((-20)/1440*8)?
2, 3, 197
Let n(h) = -5*h**3 + h**2 + 4*h - 803. Let l(f) = 11*f**3 - 3*f**2 - 9*f + 1607. Let s(x) = -4*l(x) - 9*n(x). What are the prime factors of s(0)?
17, 47
Let i = -5845 + 6825. What are the prime factors of i?
2, 5, 7
Let b be 3*18/30*5. Suppose 0 = -5*p + y + 4055, -4*p + 3245 = -b*y + 8*y. List the prime factors of p.
2, 3, 5
Let h be (-27)/6*(-3568)/(-6). What are the prime factors of (4/(-8))/(2/h)?
3, 223
Suppose -154*w + 186*w - 389312 = 0. List the prime factors of w.
2, 7, 11, 79
Suppose 6*p = p - q + 4908, -4*p = -q - 3921. List the prime factors of p.
3, 109
List the prime factors of 147*(2/(-20) - (6 + 9693/(-30))).
3, 7, 317
Suppose 0 = -14*l + 2414 + 344. Let t = 793 + l. What are the prime factors of t?
2, 3, 5, 11
Let w(m) = -5*m + 1. Let b(a) = -a**3 + 2*a**2 + 7*a + 2. Let o be b(4). Let x be w(o). Let s = x + 12. List the prime factors of s.
23
Suppose -2*m + a + 4235 = 1191, -3*m - 5*a = -4566. What are the prime factors of m?
2, 761
Let a(f) = f**3 - 18*f**2 - 8*f - 452. What are the prime factors of a(28)?
2, 3, 199
Let i = 75322 - 48526. What are the prime factors of i?
2, 3, 7, 11, 29
Let u be 10948/35 - 24/(-20). Suppose -3*p = -4*a + 735, -3*a + 4*p + 867 = u. What are the prime factors of a?
3, 61
Let w = -145 - -143. What are the prime factors of 56/w*(8 - 273/14)?
2, 7, 23
Let c(q) = q**3 - 24*q**2 - 54*q + 57. Let f be c(26). Suppose -949 = -v + f*n, -2286 = -4*v - n + 1531. What are the prime factors of v?
2, 3, 53
Let z(w) = 20*w**3 + 22*w**2 + 32*w + 148. Let l(m) = -11*m**3 - 11*m**2 - 17*m - 74. Let d(a) = -11*l(a) - 6*z(a). What are the prime factors of d(18)?
2, 263
Suppose 2*s - 2*k = -2*s + 4, -2*s + 4*k = 10. Suppose s = 3*o, 4*l + 3*o + 152 - 15 = 0. Let f = l + 85. What are the prime factors of f?
2, 5
What are the prime factors of (-3 - 95067)*((-795)/18)/53?
5, 3169
Let y(k) = -k - 3. Let c be y(-7). Let z(w) = 2*w**3 - w**2 + 4*w - 6. Let f be z(c). Let s = 222 - f. List the prime factors of s.
2, 5
Let o = 24 + -17. Let s(g) = -g + 12. Let t be s(o). Suppose t*m + 0*m - 235 = 0. List the prime factors of m.
47
Let w(b) = -41*b - 145. Let f be (-28)/2*(-12)/(-14). What are the prime factors of w(f)?
347
Suppose -6*c + 10 = -8. Let s be (-27)/(c*2/(-6)). Let t = s - 23. List the prime factors of t.
2
List the prime factors of -270 - -277 - (35459/(-2) - 3/6).
17737
Suppose 0 = -4*f - 4*z + 131044, 15*z + 98283 = 3*f + 14*z. What are the prime factors of f?
181
Let m(x) = x**2 - 3*x - 26. Let v be m(7). Suppose 4*s - 250 = -2*a, 3*a + 156 - 19 = v*s. What are the prime factors of s?
2
Let x be (-6)/21 - ((-256)/28)/4. Suppose -x*c - 597 = -5*c. What are the prime factors of c?
199
Let g(v) = 2*v + 12*v + 39 + v**2 - 45 + 44. List the prime factors of g(-24).
2, 139
Let j = 1070 - -586. List the prime factors of j.
2, 3, 23
Let r(n) = 9*n**2 + 4*n - 8. Let z be r(4). What are the prime factors of (-2131)/(-5) + (-4 - z/(-40))?
2, 3, 71
Suppose -13*i - 24*i = 27750. Let r = i + 1346. What are the prime factors of r?
2, 149
Suppose 2*t = -20 + 34. Suppose -t*x = -2*x - 15. What are the prime factors of (-47*x)/(3 + (-9)/2)?
2, 47
Let g = -207 - -3615. Suppose 0*n - 6*n = g. What are the prime factors of n/(-4) + 2 + -1?
11, 13
Suppose 0 = 5*b - 7*b + 4*i + 514, 1249 = 5*b + 2*i. Suppose 0 = -257*n + b*n + 9084. List the prime factors of n.
2, 757
What are the prime factors of 36/(216/135595) - (-2)/(-12)?
3, 31
Suppose 0 = 16*b - 3*b - 39. Suppose 4*r - b*u - 89 = -r, -2*r + 26 = 2*u. What are the prime factors of r?
2
Suppose -5*b + 2*j + 84 = 0, j = 2*b + 2*b - 66. Suppose 15*o - b*o = 140. Let m = -56 - o. List the prime factors of m.
2, 3, 7
Suppose -13*w - 174 = -16*w. Let q = w - 14. Suppose -39*n - 350 = -q*n. What are the prime factors of n?
2, 5, 7
Let t(o) = 3*o + 63. Let f(i) = -2*i + 1. Let g(r) = 